{"id":231235,"date":"2024-04-15T10:22:32","date_gmt":"2024-04-15T08:22:32","guid":{"rendered":"https:\/\/boutique.sinetyc.fr\/?post_type=product&#038;p=231235"},"modified":"2026-04-16T15:46:13","modified_gmt":"2026-04-16T13:46:13","slug":"pony-whistle","status":"publish","type":"product","link":"https:\/\/boutique.sinetyc.fr\/index.php\/produit\/pony-whistle\/","title":{"rendered":"Frite piscine poney sifflante"},"content":{"rendered":"<p>La PONY WHISTLE constitue le must absolu pour les enfants. Chevalier ou cow-girl, le jeu et le divertissement seront au rendez-vous moyennant un peu d\u2019imagination.<\/p>\n<ul>\n<li>Gamme color\u00e9e et amusante<\/li>\n<li>Contr\u00f4l\u00e9 par le T\u00dcV selon la norme EN 13138-2: Aides \u00e0 la flottabilit\u00e9<\/li>\n<\/ul>\n","protected":false},"excerpt":{"rendered":"<p>La PONY WHISTLE constitue le must absolu pour les enfants. Chevalier ou cow-girl, le jeu et le divertissement seront au rendez-vous moyennant un peu d\u2019imagination.<\/p>\n","protected":false},"featured_media":231236,"template":"","meta":{"_et_pb_use_builder":"","_et_pb_old_content":"","_et_gb_content_width":""},"product_brand":[],"product_cat":[40],"product_tag":[],"class_list":{"0":"post-231235","1":"product","2":"type-product","3":"status-publish","4":"has-post-thumbnail","6":"product_cat-sinefun","7":"product_shipping_class-colis-hors-formats","9":"first","10":"outofstock","11":"taxable","12":"shipping-taxable","13":"purchasable","14":"product-type-variable"},"jetpack_sharing_enabled":true,"_links":{"self":[{"href":"https:\/\/boutique.sinetyc.fr\/index.php\/wp-json\/wp\/v2\/product\/231235","targetHints":{"allow":["GET"]}}],"collection":[{"href":"https:\/\/boutique.sinetyc.fr\/index.php\/wp-json\/wp\/v2\/product"}],"about":[{"href":"https:\/\/boutique.sinetyc.fr\/index.php\/wp-json\/wp\/v2\/types\/product"}],"wp:featuredmedia":[{"embeddable":true,"href":"https:\/\/boutique.sinetyc.fr\/index.php\/wp-json\/wp\/v2\/media\/231236"}],"wp:attachment":[{"href":"https:\/\/boutique.sinetyc.fr\/index.php\/wp-json\/wp\/v2\/media?parent=231235"}],"wp:term":[{"taxonomy":"product_brand","embeddable":true,"href":"https:\/\/boutique.sinetyc.fr\/index.php\/wp-json\/wp\/v2\/product_brand?post=231235"},{"taxonomy":"product_cat","embeddable":true,"href":"https:\/\/boutique.sinetyc.fr\/index.php\/wp-json\/wp\/v2\/product_cat?post=231235"},{"taxonomy":"product_tag","embeddable":true,"href":"https:\/\/boutique.sinetyc.fr\/index.php\/wp-json\/wp\/v2\/product_tag?post=231235"}],"curies":[{"name":"wp","href":"https:\/\/api.w.org\/{rel}","templated":true}]}}