{"id":231369,"date":"2024-04-18T15:54:21","date_gmt":"2024-04-18T13:54:21","guid":{"rendered":"https:\/\/boutique.sinetyc.fr\/?post_type=product&#038;p=231369"},"modified":"2026-04-16T15:46:34","modified_gmt":"2026-04-16T13:46:34","slug":"car-protector","status":"publish","type":"product","link":"https:\/\/boutique.sinetyc.fr\/index.php\/produit\/car-protector\/","title":{"rendered":"Protection de porti\u00e8re de voiture"},"content":{"rendered":"<p>Gr\u00e2ce \u00e0 sa bande adh\u00e9sive, le dispositif absorbeur de chocs CAR PROTECTOR se fixe rapidement au mur et prot\u00e8ge les porti\u00e8res des voitures contre les rayures et les coups.<\/p>\n","protected":false},"excerpt":{"rendered":"<p>Gr\u00e2ce \u00e0 sa bande adh\u00e9sive, le dispositif absorbeur de chocs CAR PROTECTOR se fixe rapidement au mur et prot\u00e8ge les porti\u00e8res des voitures contre les rayures et les coups.<\/p>\n","protected":false},"featured_media":231241,"template":"","meta":{"_et_pb_use_builder":"","_et_pb_old_content":"","_et_gb_content_width":""},"product_brand":[],"product_cat":[40],"product_tag":[],"class_list":{"0":"post-231369","1":"product","2":"type-product","3":"status-publish","4":"has-post-thumbnail","6":"product_cat-sinefun","8":"first","9":"instock","10":"taxable","11":"shipping-taxable","12":"purchasable","13":"product-type-simple"},"jetpack_sharing_enabled":true,"_links":{"self":[{"href":"https:\/\/boutique.sinetyc.fr\/index.php\/wp-json\/wp\/v2\/product\/231369","targetHints":{"allow":["GET"]}}],"collection":[{"href":"https:\/\/boutique.sinetyc.fr\/index.php\/wp-json\/wp\/v2\/product"}],"about":[{"href":"https:\/\/boutique.sinetyc.fr\/index.php\/wp-json\/wp\/v2\/types\/product"}],"wp:featuredmedia":[{"embeddable":true,"href":"https:\/\/boutique.sinetyc.fr\/index.php\/wp-json\/wp\/v2\/media\/231241"}],"wp:attachment":[{"href":"https:\/\/boutique.sinetyc.fr\/index.php\/wp-json\/wp\/v2\/media?parent=231369"}],"wp:term":[{"taxonomy":"product_brand","embeddable":true,"href":"https:\/\/boutique.sinetyc.fr\/index.php\/wp-json\/wp\/v2\/product_brand?post=231369"},{"taxonomy":"product_cat","embeddable":true,"href":"https:\/\/boutique.sinetyc.fr\/index.php\/wp-json\/wp\/v2\/product_cat?post=231369"},{"taxonomy":"product_tag","embeddable":true,"href":"https:\/\/boutique.sinetyc.fr\/index.php\/wp-json\/wp\/v2\/product_tag?post=231369"}],"curies":[{"name":"wp","href":"https:\/\/api.w.org\/{rel}","templated":true}]}}