{"id":272,"date":"2023-01-16T14:01:50","date_gmt":"2023-01-16T13:01:50","guid":{"rendered":"https:\/\/boutique.sinetyc.fr\/?post_type=product&#038;p=272"},"modified":"2026-04-16T15:43:58","modified_gmt":"2026-04-16T13:43:58","slug":"silicone-spray","status":"publish","type":"product","link":"https:\/\/boutique.sinetyc.fr\/index.php\/produit\/silicone-spray\/","title":{"rendered":"Silicone Spray"},"content":{"rendered":"<p>Silicone spray est un spray transparent \u00e0 base d\u2019huile silicone de grande qualit\u00e9, pr\u00e9sentant des propri\u00e9t\u00e9s de lubrification et d\u2019anti-adh\u00e9rence, pour lubrifier les parties m\u00e9caniques de vos automatismes sans les encrasser avec un produit trop gras mais aussi nettoyer vos volets en Syntex et les rendre \u00e9clatants.<\/p>\n<p>400 ml<\/p>\n","protected":false},"excerpt":{"rendered":"<p>Silicone spray est un spray transparent \u00e0 base d\u2019huile silicone de grande qualit\u00e9, pr\u00e9sentant des propri\u00e9t\u00e9s de lubrification et d\u2019anti-adh\u00e9rence, pour lubrifier les parties m\u00e9caniques de vos automatismes sans les encrasser avec un produit trop gras mais aussi nettoyer vos volets en Syntex et les rendre \u00e9clatants.<\/p>\n<p>400 ml<\/p>\n","protected":false},"featured_media":273,"template":"","meta":{"_et_pb_use_builder":"","_et_pb_old_content":"","_et_gb_content_width":""},"product_brand":[],"product_cat":[36,25,23,18],"product_tag":[],"class_list":{"0":"post-272","1":"product","2":"type-product","3":"status-publish","4":"has-post-thumbnail","6":"product_cat-kit_entretien","7":"product_cat-moteurs","8":"product_cat-pieces-detachees-divers","9":"product_cat-roues","10":"product_shipping_class-free-min-19","12":"first","13":"instock","14":"taxable","15":"shipping-taxable","16":"purchasable","17":"product-type-simple"},"jetpack_sharing_enabled":true,"_links":{"self":[{"href":"https:\/\/boutique.sinetyc.fr\/index.php\/wp-json\/wp\/v2\/product\/272","targetHints":{"allow":["GET"]}}],"collection":[{"href":"https:\/\/boutique.sinetyc.fr\/index.php\/wp-json\/wp\/v2\/product"}],"about":[{"href":"https:\/\/boutique.sinetyc.fr\/index.php\/wp-json\/wp\/v2\/types\/product"}],"wp:featuredmedia":[{"embeddable":true,"href":"https:\/\/boutique.sinetyc.fr\/index.php\/wp-json\/wp\/v2\/media\/273"}],"wp:attachment":[{"href":"https:\/\/boutique.sinetyc.fr\/index.php\/wp-json\/wp\/v2\/media?parent=272"}],"wp:term":[{"taxonomy":"product_brand","embeddable":true,"href":"https:\/\/boutique.sinetyc.fr\/index.php\/wp-json\/wp\/v2\/product_brand?post=272"},{"taxonomy":"product_cat","embeddable":true,"href":"https:\/\/boutique.sinetyc.fr\/index.php\/wp-json\/wp\/v2\/product_cat?post=272"},{"taxonomy":"product_tag","embeddable":true,"href":"https:\/\/boutique.sinetyc.fr\/index.php\/wp-json\/wp\/v2\/product_tag?post=272"}],"curies":[{"name":"wp","href":"https:\/\/api.w.org\/{rel}","templated":true}]}}