{"id":635,"date":"2024-03-19T10:18:05","date_gmt":"2024-03-19T09:18:05","guid":{"rendered":"https:\/\/boutique.sinetyc.fr\/?post_type=product&#038;p=635"},"modified":"2024-04-15T14:55:46","modified_gmt":"2024-04-15T12:55:46","slug":"bequille-double-marinea","status":"publish","type":"product","link":"https:\/\/boutique.sinetyc.fr\/index.php\/produit\/bequille-double-marinea\/","title":{"rendered":"B\u00e9quille Double Marin\u00e9a"},"content":{"rendered":"<p>B\u00e9quille Double Marin\u00e9a &#8211; Disponible en noir ou en blanc<\/p>\n","protected":false},"excerpt":{"rendered":"<p>B\u00e9quille Double Marin\u00e9a &#8211; Disponible en noir ou en blanc<\/p>\n","protected":false},"featured_media":636,"template":"","meta":{"_et_pb_use_builder":"","_et_pb_old_content":"","_et_gb_content_width":""},"product_brand":[],"product_cat":[39],"product_tag":[],"class_list":{"0":"post-635","1":"product","2":"type-product","3":"status-publish","4":"has-post-thumbnail","6":"product_cat-serrure","7":"product_shipping_class-free-min-19","9":"first","10":"instock","11":"taxable","12":"shipping-taxable","13":"purchasable","14":"product-type-variable"},"jetpack_sharing_enabled":true,"_links":{"self":[{"href":"https:\/\/boutique.sinetyc.fr\/index.php\/wp-json\/wp\/v2\/product\/635","targetHints":{"allow":["GET"]}}],"collection":[{"href":"https:\/\/boutique.sinetyc.fr\/index.php\/wp-json\/wp\/v2\/product"}],"about":[{"href":"https:\/\/boutique.sinetyc.fr\/index.php\/wp-json\/wp\/v2\/types\/product"}],"wp:featuredmedia":[{"embeddable":true,"href":"https:\/\/boutique.sinetyc.fr\/index.php\/wp-json\/wp\/v2\/media\/636"}],"wp:attachment":[{"href":"https:\/\/boutique.sinetyc.fr\/index.php\/wp-json\/wp\/v2\/media?parent=635"}],"wp:term":[{"taxonomy":"product_brand","embeddable":true,"href":"https:\/\/boutique.sinetyc.fr\/index.php\/wp-json\/wp\/v2\/product_brand?post=635"},{"taxonomy":"product_cat","embeddable":true,"href":"https:\/\/boutique.sinetyc.fr\/index.php\/wp-json\/wp\/v2\/product_cat?post=635"},{"taxonomy":"product_tag","embeddable":true,"href":"https:\/\/boutique.sinetyc.fr\/index.php\/wp-json\/wp\/v2\/product_tag?post=635"}],"curies":[{"name":"wp","href":"https:\/\/api.w.org\/{rel}","templated":true}]}}